
Let x be 4/(-3)*(-5076)/144. What is the greatest common divisor of 235 and x?
47
Let n(z) = -z + 1. Let u be n(-3). Suppose -u*l + 18 + 6 = 0. Suppose -l = -4*w - 2. Calculate the greatest common factor of 7 and w.
1
Let r = -66 + 118. Let q be (0 + -3)/((-6)/r). Suppose 22 = 2*t - q. What is the highest common divisor of 8 and t?
8
Suppose 11*x - 120 = 17*x. Let q = 32 + x. Calculate the highest common factor of q and 96.
12
Let j(s) = -5*s - 5. Suppose 0*x - 16 = 2*x. Let z be 1/x + (-46)/16. Let f be j(z). What is the highest common factor of 15 and f?
5
Let l be (-22)/(-18) + (-8)/36. Suppose -l - 83 = -3*a. What is the greatest common divisor of 42 and a?
14
Let g(i) = -i**3 - 3*i**2 + 6*i + 1. Let z be g(-5). Suppose z = 2*n - 51. Suppose 0 = 5*v - 0*v - 270. What is the greatest common divisor of v and n?
18
Let u(i) = i**2 + 22*i - 61. Let h be u(-25). Calculate the highest common divisor of h and 10.
2
Suppose -6*s + 29 = -25. What is the greatest common divisor of 39 and s?
3
Suppose 11*i = 9*i + 6. Let a be 4 + -1 - i/(-1*3). Let l be (-2)/(-6) + (-29)/(-3). Calculate the highest common factor of l and a.
2
Suppose 157*i - 159*i = -126. What is the greatest common divisor of 1050 and i?
21
Suppose j = -a + 15, 5*a - 9 - 52 = 2*j. Let x = 15 - a. Suppose v - 4*v - 38 = -2*m, 0 = -x*m - v + 46. Calculate the highest common factor of 44 and m.
22
Let l be 2/(-9)*(0 + -9). Suppose -l*v + 90 = v. What is the highest common factor of v and 270?
30
Let d(s) = 84*s + 3. Let z be d(1). Let o be 0 + -3 - (1 - -27). Let w = 27 - o. Calculate the highest common divisor of w and z.
29
Let m(q) = 20*q - 48. Let a be m(5). What is the greatest common factor of 65 and a?
13
Let v = 243 - 223. Calculate the greatest common divisor of 470 and v.
10
Let r = 4 - -18. Let w be 4/(-18) + 31696/72. Suppose -8*m + w = -0*m. Calculate the greatest common divisor of m and r.
11
Let i = 38 + -37. Let s(g) = -g**3 - 1. Let a(v) = -8*v**2 + 3*v - 8. Let l(j) = i*a(j) - s(j). Let c be l(8). What is the greatest common divisor of c and 51?
17
Let w = 235 - 15. Suppose -5*o = -59 - 41. What is the greatest common factor of w and o?
20
Let h(b) = b**2 + b + 3. Let k be h(11). Let x be (1/3)/(5/k). Let n(y) = -y + 13. Let s be n(x). Calculate the greatest common divisor of s and 12.
4
Suppose -6*s + 3*s = 3. Let y = -2 + s. Let h be 1 - (-3)/y*-1. Calculate the greatest common divisor of h and 6.
2
Suppose 0 = -5*r + 2*r + 42. Suppose 0 = u + r - 28. Let j be (-1)/4 + 29/4. Calculate the highest common divisor of u and j.
7
Suppose d + 3*s = 27, 5*d + 8 - 78 = -2*s. Let k = -9 + 21. What is the highest common factor of d and k?
12
Suppose 31 - 112 = -9*d. Suppose -d = 2*o - 61. What is the greatest common divisor of 208 and o?
26
Suppose 173*b + 13870 = 211*b. Calculate the highest common factor of 73 and b.
73
Let i = 47 + 37. Suppose -4*r - 106 = -3*q, 0*q + 138 = -5*r + q. Let z = -16 - r. Calculate the highest common divisor of i and z.
12
Let x be ((-6)/(-5))/(6/280). Suppose -104 = -2*q + x. Suppose -c + 6*c = q. Calculate the greatest common divisor of 4 and c.
4
Suppose -y - 54 = -2*y. Suppose -3*d - 5*i + 26 = -7*i, -20 = -2*d + 2*i. What is the greatest common factor of y and d?
6
Suppose 12*p = -0*p + 756. Calculate the highest common divisor of p and 14.
7
Let v be (2/(-4))/(3/(-30)). Suppose -180 = 3*m - 7*m. Calculate the greatest common divisor of m and v.
5
Let k = -12 - 66. Let g = 37 - k. What is the highest common divisor of 46 and g?
23
Let h = 211 + -199. What is the greatest common divisor of h and 18?
6
Let b(u) = -2*u**2 + 18*u + 5. Let f(x) = x**2 + 17*x + 8. Let i be f(-17). Let p be b(i). What is the greatest common factor of p and 42?
21
Suppose 68 = 3*t - 2*l, 2*t - 4*l - 116 = -3*t. Suppose 5*c = -37*c + 1260. Let o = c - t. Calculate the highest common factor of 110 and o.
10
Let r = 51 + -24. Suppose 5 = 3*n - 2*n. Suppose -s = -n*s + 36. What is the greatest common divisor of s and r?
9
Let g(m) = 6*m**2 + 16*m + 6. Let i be g(-11). Let l be i/12 + 8/(-6). Suppose 0 = 3*q - 25 - 29. Calculate the highest common factor of q and l.
9
Suppose -1 = -4*s + 15. Let w be s/((1 - -2) + -1). Suppose -143 = -w*u + 1. Calculate the highest common divisor of 9 and u.
9
Let p = 818 + -755. What is the highest common factor of 81 and p?
9
Let y be 312/(-32)*(2 + 824/(-12)). What is the highest common factor of y and 13?
13
Suppose 2*f - 14*y + 9*y = 78, 5*y - 90 = -5*f. Let r(b) = -b**3 - 3*b**2 - 3*b - 1. Let s be r(-3). Calculate the greatest common factor of f and s.
8
Suppose 5*g = 5*d + 445, -2*g + 0*g - 410 = 5*d. Let u = -71 - d. What is the greatest common factor of 208 and u?
13
Let b(q) = 47*q**3 + q + 1. Let f be b(-1). Suppose -c + 2*g + 360 = 3*c, -c + 4*g = -76. Let d = f + c. Calculate the greatest common divisor of 15 and d.
15
Let u = 6 - 5. Let d(x) = 218*x + 2. Let y be d(u). Suppose -21*z = -26*z + y. Calculate the greatest common factor of 22 and z.
22
Let l(f) = 6*f - 77. Let r be l(21). Calculate the highest common factor of 77 and r.
7
Let w be ((-13)/(-117))/((-2)/(-54)*3). What is the highest common divisor of w and 5?
1
Let s be (4 - 84/22) + 519/(-11). Let r be (-7)/(7 + 0) - 4*s. What is the highest common divisor of 17 and r?
17
Let o = 268 - 266. Let y(t) = -12*t**2 + 16*t**2 + 15*t**2 + t. Let a be y(1). What is the greatest common divisor of o and a?
2
Let o be (4/5)/(9/(-45)). Let n(j) = 10*j**2 + 16*j + 9. Let c be n(o). What is the greatest common divisor of c and 15?
15
Suppose g + 384 = 393. Calculate the greatest common factor of 486 and g.
9
Let u = -4 + 24. Let l = -15 + u. Suppose 0 = -l*h + 3 + 47. What is the greatest common divisor of h and 10?
10
Let c be ((-6)/5)/(15/(-175)). Let f(y) = y - 3. Let x be f(c). What is the greatest common factor of x and 88?
11
Suppose 587 - 2219 = -6*s. Calculate the greatest common divisor of s and 16.
16
Suppose 13 = 3*l + 184. Let k = 65 + l. Calculate the greatest common divisor of k and 88.
8
Suppose 3*u - 7*j - 361 = -3*j, -475 = -4*u - j. Suppose 0 = 3*k - u - 175. What is the highest common divisor of k and 28?
14
Suppose -m - 3 = -7. Suppose 56 = m*n + 8. Calculate the highest common factor of n and 192.
12
Suppose 4*h = d - 159, h + d + 201 = -4*h. Let n = 0 - 1. Let z be h*((n - 0) + 0). Calculate the highest common factor of z and 10.
10
Suppose -3*f + 160 = 2*f. Let v(w) = -2*w + 10. Let s be v(3). Let b be s/(-30) + 122/15. Calculate the highest common divisor of b and f.
8
Suppose -5*o - 141 + 921 = 0. Let c be 12/(-114) + o/38. What is the highest common factor of c and 36?
4
Suppose -91 = 4*t + 29. Let n = t + 70. Let j be 15*5/(125/n). What is the highest common factor of 6 and j?
6
Let g = 4 + -1. Let n(c) = c**3 - 25*c**2 - 54*c + 27. Let s be n(27). Calculate the highest common divisor of s and g.
3
Let a be (14 - 55)/(1/(-9)). Calculate the highest common factor of 18 and a.
9
Suppose 0 = -13*t + 8*t - 560. Let l = -64 - t. What is the highest common divisor of l and 16?
16
Let h = 1139 + -1133. Let o be 2/2 - 2*-7. What is the highest common divisor of o and h?
3
Suppose 5*h = d - 40, h = 2*d - 5*d + 120. Calculate the highest common factor of 4 and d.
4
Suppose 0 = -2*f + f - 2. Let x = f + 10. Suppose -2*i + 4 - 68 = -a, -2*i = x. Calculate the greatest common factor of 8 and a.
8
Suppose 4*q - 2*u = 0, -4*q = -0*q - 4*u. Suppose 2*x + 4 = q, 4*x = 5*j - 22 - 151. Let p be (-3)/3*-9 - -2. What is the highest common factor of p and j?
11
Let g be (-1)/(-2) - (-115)/2. Suppose -3*p - 4*p + 4*m = -227, -5*p - 2*m + 133 = 0. Calculate the greatest common factor of g and p.
29
Let x = 37 + -23. Let t be 4/x + (-313)/(-7). Let s be (414/(-30))/((-3)/t). What is the greatest common factor of 23 and s?
23
Suppose 0 = 2*l - 346 - 194. Suppose 0 = 4*g + 6 - l. What is the highest common divisor of g and 6?
6
Let i(h) = -189*h - 47. Let c be i(-3). Calculate the greatest common factor of c and 40.
40
Suppose -5*n + n = -16. Calculate the greatest common divisor of n and 28.
4
Let i(g) = -2*g + 37. Let x be i(8). Calculate the greatest common factor of 147 and x.
21
Suppose -35 = -2*z - v - 2*v, 0 = -3*z - 5*v + 51. What is the greatest common diviso